sor of y and 54.
18
Let j = 180 - 357. Let x be 0 + (2 - -1 - j). Suppose 5*m - 450 = -5*c, 0*c - 2*c + x = m. What is the greatest common divisor of c and 36?
18
Suppose 0*f = -5*y - f + 12, 5*f - 4 = 3*y. Suppose y*b = 22 - 0. Suppose 0 = -o + 48 - 47. What is the greatest common divisor of o and b?
1
Suppose 0 = 75*v - 52*v + 56*v - 3476. Let y(n) = 11*n**2 - n + 1. Let l be y(1). What is the highest common divisor of l and v?
11
Let q = 86 - 54. Let i = -2006 - -2038. What is the greatest common factor of i and q?
32
Suppose 5*w = -15, 3*w + 46 + 191 = -4*k. Let g = k - -79. Let x = -384 - -538. Calculate the highest common divisor of g and x.
22
Let d be -1 - (-2 - -10)*-1. Suppose 4*p - d*p = -27. What is the greatest common factor of p and 153?
9
Suppose 30*l = 9*l + 21483. Calculate the highest common factor of 33 and l.
33
Let q(f) = -30*f - 55. Let a be q(-6). Suppose 2*r = 6 - 10. Let v = r - -27. What is the highest common divisor of v and a?
25
Let u(l) be the third derivative of l**4/8 - l**3 - 5*l**2. Let p be u(9). Let t = -340 + 487. What is the greatest common factor of t and p?
21
Let a be ((-5950)/55)/(-2) - 3/33. Calculate the highest common divisor of 78 and a.
6
Suppose -972*x + 969*x = -204. Calculate the greatest common factor of x and 8.
4
Suppose 3*t + 3*g = 21, -g = -3*t + 4*g - 19. Let k be t/5 - (-3 - 13/5). Calculate the greatest common divisor of 16 and k.
2
Let n(r) = -2*r**3 - 20*r**2 - 11*r - 32. Let p be n(-10). Calculate the greatest common factor of 494 and p.
26
Let h be 24*(4 + (-14)/4). Suppose h*m = 7*m. Suppose 2*d + m*d = 368. What is the highest common factor of 23 and d?
23
Let f be (-8)/3 + (-2)/6 - 9. Let g be f/8 - ((-20)/8 - 0). What is the greatest common divisor of 7 and g?
1
Let g(c) = -4*c - 2. Let l be g(-1). Suppose -4*d + 4 = q - 3, 3*d + 36 = l*q. Calculate the greatest common factor of q and 3.
3
Suppose 0 = -4*p + 4*q - 3*q + 645, 2*q = 6. What is the greatest common factor of 243 and p?
81
Let m = 64 + -149. Let z = -61 - m. What is the greatest common divisor of z and 6?
6
Let r be ((-68)/(-12))/17 - 130/(-6). Let d be 2 - (0 - 1)*0. Suppose 4 = -0*o + d*o. Calculate the highest common factor of o and r.
2
Suppose 5*o - 2*i + 63 = 5, -3*i + 42 = -3*o. Let p = -36 + 6. Let y = o - p. What is the highest common factor of 4 and y?
4
Let x = 7 - 9. Let h = x - -4. Suppose -6*l = -h*l - 52. What is the highest common divisor of 13 and l?
13
Let v = 975 + 483. What is the highest common factor of 54 and v?
54
Let z(k) = k**2 + 4*k - 33. Let h be z(5). Let f be (9*h/30)/(3/10). What is the highest common divisor of f and 6?
6
Suppose -33 = -4*k + 315. Suppose j - 43 = k. Calculate the highest common divisor of j and 26.
26
Let g(q) = -q**3 + 10*q**2 - 13*q + 40. Let x be g(8). What is the greatest common factor of x and 96?
32
Suppose 9*o - 2235 = 4*o. Suppose -h + 177 = 2*g, -5*g - 2*h = -h - o. What is the highest common factor of 10 and g?
10
Let p = -12 - -16. Suppose 0 = -p*j + 71 + 17. Calculate the highest common factor of j and 154.
22
Let s be 5175/405 + (-4)/(-18). What is the highest common factor of 52 and s?
13
Let u = -45 + 65. Let z(x) be the first derivative of -x**4/4 - 4*x**3/3 + x**2/2 + 1. Let s be z(-7). What is the greatest common factor of u and s?
20
Let x(k) = k**2 + 18*k + 30. Let d be x(-19). What is the highest common factor of 1078 and d?
49
Let p = 52 + -20. Suppose 3*y - 3 = -12, 4*u - y - 15 = 0. Let c be (352/(-132))/(-1 - (-1)/u). Calculate the highest common factor of c and p.
4
Let d = 176 + -275. Let n = 149 + d. Let u be (-346)/(-14) - 8/(-28). Calculate the highest common factor of n and u.
25
Let j(r) = r**3 + 8*r**2 + 7*r + 3. Let u be j(-7). Suppose 0 = 2*y, 5*s - y = u*y + 695. Let q = s - 62. What is the greatest common factor of 11 and q?
11
Let a be (-4)/(-4) + 1 + 14. What is the greatest common factor of 688 and a?
16
Suppose -4 = -2*t + t. Let o be -3 + 17/7 - 16/(-28). Suppose -3*a + 129 - 33 = o. What is the highest common factor of t and a?
4
Let u(g) = g**3 - 4*g**2 - 10*g + 52. Let y be u(4). What is the greatest common divisor of 24 and y?
12
Suppose -u + 28 = u. Let m = u + -12. Suppose -3*i = 5*y - 43, 0*y + y - 24 = -m*i. Calculate the highest common divisor of i and 121.
11
Suppose -6*t + 670 + 914 = 0. What is the greatest common divisor of 66 and t?
66
Let g(j) = -1 - 1 + 5 - 4*j - 2. Let a be g(-6). Let z = a + -15. Calculate the greatest common divisor of 4 and z.
2
Let r = 248 + -239. Calculate the greatest common divisor of r and 288.
9
Suppose 7050 = 4*d + 2*p, -6*p + 8*p + 6 = 0. What is the greatest common factor of d and 84?
84
Let i = 8 + -6. Suppose -w - 28 = -5*w + 5*s, 0 = -w + i*s + 7. What is the greatest common factor of w and 35?
7
Suppose -3*t - 2*m = 3*m + 232, -t - 78 = m. Let i be (-12)/42 - t/7. What is the highest common factor of i and 99?
11
Let r = -458 + 479. What is the greatest common factor of r and 252?
21
Let c = 514 - 506. Calculate the greatest common factor of 648 and c.
8
Let t = -60 - -69. Suppose 0 = -4*m + t*m - 160. What is the highest common factor of m and 8?
8
Let v = 20 + -13. Let d(t) = -4*t - 153. Let n be d(-40). What is the highest common divisor of v and n?
7
Let d = 1526 + -1378. Calculate the highest common factor of 481 and d.
37
Let i(y) = 0*y**3 + 145 - y**3 - 132 + 10*y**2 + 0*y**2. Let s be i(7). Suppose -2*n - 96 = -5*n. Calculate the greatest common factor of s and n.
32
Let g be 19/3 + (-160)/(-24) + -6. What is the highest common divisor of g and 203?
7
Suppose -93 = -4*o + 483. Suppose -3*t = -o - 21. Calculate the highest common factor of t and 22.
11
Let t(o) = -3*o + 13. Let y be t(7). Let u be (-132)/(-9) - y/(-12). Suppose 2*g - u = 4. What is the highest common divisor of g and 3?
3
Suppose 5*x + 15 = 3*u, 4*u - 5*u + 15 = -5*x. Suppose -2*j + u + 54 = 0. What is the greatest common divisor of j and 3?
3
Let c be (-2)/(-6) + ((-5316)/(-18))/2. Suppose v = -5, -4*m + 8*v = 4*v - c. Calculate the greatest common divisor of m and 112.
16
Let w(m) = m**3 + 5*m**2 + 7*m + 11. Let t be w(-3). Let x be 3/6 + (-2)/(-4). Let j = 3 + x. Calculate the greatest common divisor of t and j.
4
Let y be (-302)/(-34) + -28*(-1)/238. Suppose -2*a - a = -216. What is the greatest common factor of a and y?
9
Let b be (5 - 0)*8/20. Suppose 0 = b*r + 169 - 177. What is the highest common factor of 10 and r?
2
Let u(g) = -31*g - 30. Let a be u(-2). What is the highest common factor of 48 and a?
16
Let r(n) = -n**3 - n**2 + n + 1. Suppose 0*b = 5*b - b. Let k be r(b). What is the greatest common factor of 6 and k?
1
Suppose -74*p = -77*p + 9. Let l(v) = v**3 - v**2 + 3*v - 9. Let w be l(p). Calculate the greatest common factor of 9 and w.
9
Let k = -16 - -37. Let u(n) = n**2 - 3*n. Let y be u(7). Let c be (42/8)/(21/y). What is the greatest common factor of k and c?
7
Let h be (-27)/(1*(-3)/2). Suppose 48 = -2*o - 2*o. Let z be (o/(-5))/((-5)/(-75)). What is the greatest common factor of z and h?
18
Suppose 5*a - 6*a + 2 = 0. Suppose -y + 165 = 5*w - 4*y, 2*w - a*y = 66. Calculate the highest common factor of w and 11.
11
Suppose 0*o - 5*o = 15. Let c be (-5 - -4)*o*1. Let q = 7 - c. Calculate the highest common factor of q and 44.
4
Suppose 3*o + l - 3*l = 52, 0 = -4*o + 5*l + 74. What is the highest common factor of 20 and o?
4
Let c = 8 + -6. Suppose 22 = 3*p - 5*v, 0 = -3*p - 9*v + 4*v + c. Let w be (72/(-5))/((15/((-825)/44))/2). What is the greatest common factor of w and p?
4
Let z be 18/(-63) - (-368)/14. Let i be z - 5 - (-2 - 0). Let u(n) = -42*n + 16. Let o be u(-4). What is the highest common divisor of i and o?
23
Let m = 303 + -233. Calculate the highest common factor of 10 and m.
10
Suppose r - 4*r = -2*r. Let p(d) = d**2 + d + 15. Let f be p(r). Suppose 0 = -j + 3*j - 30. What is the greatest common factor of j and f?
15
Let t be ((-4)/(-14))/((-5)/(-35)). Let n = -5 + 7. Calculate the greatest common factor of n and t.
2
Let x = 167 - 143. Suppose -5*t - 2*v + x = 0, 0 = 2*t + t - 5*v - 2. What is the highest common divisor of t and 1?
1
Let g = -95 - -122. Calculate the highest common divisor of g and 36.
9
Suppose -7*d + 5*d - 4*l + 672 = 0, 0 = 2*d + l - 663. What 